hat is 16 + -6414?
-6376
In base 11, what is 7 - 11563?
-11557
In base 8, what is -46 + 1440?
1372
In base 13, what is 1 + 81a17?
81a18
In base 2, what is -1000100101 - 10101001?
-1011001110
In base 6, what is 214 + -12?
202
In base 8, what is -35143 - 4?
-35147
In base 11, what is 292391 + 1?
292392
In base 6, what is -3 - -1050030?
1050023
In base 9, what is -151070 + -1?
-151071
In base 9, what is 1443 - -3877?
5431
In base 13, what is 1 + -956?
-955
In base 4, what is -3 - 1001110?
-1001113
In base 10, what is 20 + 191?
211
In base 8, what is 6 - 2344?
-2336
In base 6, what is 3400 + -42120?
-34320
In base 16, what is -12fa - -281?
-1079
In base 10, what is 63 - 261?
-198
In base 6, what is -2551 - -202?
-2345
In base 12, what is -2773 + -166?
-2919
In base 13, what is -2 - -19b2b7?
19b2b5
In base 7, what is 2 - -1115026?
1115031
In base 5, what is 4 + 34031412?
34031421
In base 8, what is -7314 - -55?
-7237
In base 16, what is -14 + 179c?
1788
In base 13, what is 62b42 + 0?
62b42
In base 7, what is 12246 - 223?
12023
In base 14, what is 323 + -3cb?
-a8
In base 9, what is -18273 - 118?
-18402
In base 9, what is 75 + 3044?
3130
In base 3, what is 12012011122222 - -2?
12012011200001
In base 5, what is -121210 - 31?
-121241
In base 3, what is 221000 - 212?
220011
In base 2, what is 1110100000 - -101?
1110100101
In base 14, what is 2 - -809?
80b
In base 14, what is 2029 - -42?
206b
In base 7, what is -2 - 21405?
-21410
In base 3, what is -2 - 11202100?
-11202102
In base 10, what is -19332 - -2?
-19330
In base 16, what is -1b + -514?
-52f
In base 13, what is 4902 + -2?
4900
In base 11, what is 1834 - -810?
2544
In base 4, what is -3310 + 31?
-3213
In base 11, what is -5 - 10469?
-10473
In base 11, what is -5a8 + 409?
-19a
In base 5, what is -120444341 + 1?
-120444340
In base 7, what is 55 - 4636?
-4551
In base 2, what is 1001000100011 + 0?
1001000100011
In base 13, what is -2 + 1986?
1984
In base 5, what is 112404331 + 4?
112404340
In base 7, what is -4341 - -132?
-4206
In base 16, what is 1f2 + ed?
2df
In base 2, what is 110000101 + -100101100?
1011001
In base 8, what is -2 - -646145?
646143
In base 5, what is -21024201 + -4?
-21024210
In base 15, what is 6c118 - -5?
6c11d
In base 3, what is -120 - 202122100?
-202122220
In base 16, what is 2a32 + 35?
2a67
In base 12, what is -461 - 70?
-511
In base 9, what is 0 + -117284?
-117284
In base 7, what is 3415 + -233?
3152
In base 3, what is -121021 - 200?
-121221
In base 4, what is -2002322032 + -10?
-2002322102
In base 14, what is 587c4 + 6?
587ca
In base 5, what is -200 - -213?
13
In base 2, what is 101111 - 101111101011?
-101110111100
In base 15, what is 32 - -1d3d?
1d70
In base 13, what is -6 + 1b096?
1b090
In base 4, what is 300123 - -203?
300332
In base 7, what is -42 + -13014?
-13056
In base 2, what is 1111100111 - 110000?
1110110111
In base 14, what is -6c + -899?
-927
In base 8, what is -4 + 42257?
42253
In base 3, what is 2102110101 - -12?
2102110120
In base 14, what is 0 + -2873?
-2873
In base 3, what is 1012 - -210021?
211110
In base 15, what is -7635 + -16?
-764b
In base 5, what is 320 + 11422?
12242
In base 9, what is 248 + 100?
348
In base 4, what is 1003020 + 120?
1003200
In base 8, what is 664 + 10?
674
In base 11, what is -3042 + -151?
-3193
In base 11, what is 19725 + 59?
19783
In base 3, what is -2 + 11222012011?
11222012002
In base 10, what is 402 + -785?
-383
In base 13, what is -1a296 - 7?
-1a2a0
In base 14, what is 29938 - 3?
29935
In base 13, what is -5 - 25b66?
-25b6b
In base 3, what is 120 - 1202212212?
-1202212022
In base 11, what is -6 - -32990?
32985
In base 4, what is -10122331103 + -2?
-10122331111
In base 8, what is 211110 - -12?
211122
In base 16, what is 39d3 + 8?
39db
In base 3, what is -21 + -201101000?
-201101021
In base 8, what is 26116 - -47?
26165
In base 15, what is -a4d - -14?
-a39
In base 15, what is -4 - 2737?
-273b
In base 2, what is -1110100101001011 + 1010?
-1110100101000001
In base 2, what is 10111011 + -100000110010?
-11101110111
In base 16, what is -30 + 1d7?
1a7
In base 8, what is -5 + -11521?
-11526
In base 15, what is 4 - 92b3?
-92ae
In base 7, what is -314230 - 0?
-314230
In base 13, what is 8 + c60?
c68
In base 12, what is -16122a - 3?
-161231
In base 4, what is 3333230 - -13?
3333303
In base 6, what is 115423 + 304?
120131
In base 13, what is 2672 + 48?
26ba
In base 8, what is 13664 + 22?
13706
In base 11, what is -572 + 1233?
771
In base 10, what is -2 - -351862?
351860
In base 9, what is 0 - -4476?
4476
In base 13, what is 69a + 6c?
739
In base 8, what is 434 + 31312?
31746
In base 11, what is -115 - 1692?
-17a7
In base 14, what is -164 + -d0?
-254
In base 11, what is 24a - -68?
307
In base 4, what is -12123 + -23201?
-101330
In base 4, what is 0 + -230111022?
-230111022
In base 3, what is 201211211 + 2000?
201220211
In base 10, what is 973 + 611?
1584
In base 4, what is 1223331 - -1232?
1231223
In base 13, what is -5 - 8bc42?
-8bc47
In base 6, what is -2 + 325104?
325102
In base 8, what is -11 + 12323?
12312
In base 8, what is -2 + 732745?
732743
In base 11, what is -5 - 96566?
-96570
In base 14, what is 1 - 5909?
-5908
In base 11, what is -171a0 + 0?
-171a0
In base 7, what is -30 - -1262?
1232
In base 8, what is -3261 + -27?
-3310
In base 13, what is 22ba - 117?
21a3
In base 9, what is 165 - -267?
443
In base 10, what is 2209 - -391?
2600
In base 5, what is -13 + -44413?
-44431
In base 10, what is -43 - -1190?
1147
In base 6, what is 3224 + 23123?
30351
In base 16, what is 98 + 82e?
8c6
In base 5, what is -4 - 201?
-210
In base 13, what is -12515 + 2c?
-124b6
In base 12, what is 0 - 9752a?
-9752a
In base 11, what is -775037 - 2?
-775039
In base 13, what is -139 + -239?
-375
In base 2, what is 100010001 - 1111110011?
-1011100010
In base 5, what is 1011 + 13132?
14143
In base 5, what is -200144 + -304?
-201003
In base 12, what is 2 + -2621?
-261b
In base 15, what is -3 - -5806?
5803
In base 6, what is -5 - 43210?
-43215
In base 4, what is -2 + -1233333013?
-1233333021
In base 6, what is -30414 - 12?
-30430
In base 16, what is -a51c + 5?
-a517
In base 6, what is 15535 + -2532?
13003
In base 16, what is -8e8 - -199?
-74f
In base 3, what is -1221 + 10112011?
10110020
In base 9, what is 1 + 14561?
14562
In base 16, what is -cd939 - 5?
-cd93e
In base 14, what is -1426 + -36?
-145c
In base 16, what is 382 + -fb?
287
In base 2, what is 10100 - 100101110111111?
-100101110101011
In base 11, what is 8a946 - -3?
8a949
In base 2, what is 0 - -1101111111100?
1101111111100
In base 3, what is 12 - -101121101?
101121120
In base 4, what is -331223113 + 0?
-331223113
In base 15, what is -207d - -4?
-2079
In base 5, what is -1414 + -3222?
-10141
In base 15, what is bad - b?
ba2
In base 6, what is 1 - -13451015?
13451020
In base 12, what is -3446 - -5?
-3441
In base 11, what is 858 - 2126?
-1379
In base 16, what is -e6 - ef?
-1d5
In base 7, what is -601255 + 14?
-601241
In base 13, what is 29b + -31?
26a
In base 12, what is -6b89 + 4?
-6b85
In base 7, what is -11160 - 25?
-11215
In base 16, what is -c9 + -1c3?
-28c
In base 3, what is -200 + 2210102?
2202202
In base 13, what is 119 + 1a6?
2c2
In base 13, what is -1 - -20404?
20403
In base 9, what is 47134 - 8?
47125
In base 4, what is -12120203 - 200?
-12121003
In base 5, what is 10114 - -40443?
101112
In base 5, what is -4001 - 433?
-4434
In base 6, what is -544 - 4435?
-5423
In base 15, what is -a6e2 + 5?
-a6dc
In base 13, what is 2 - 2100c?
-2100a
In base 7, what is -1145541 - 22?
-1145563
In base 8, what is -655 + 3775?
3120
In base 14, what is 21 - 412?
-3d1
In base 15, what is 4e9d01 - -3?
4e9d04
In base 3, what is -2 - 110022?
-110101
In base 6, what is -2 + 1015014?
1015012
In base 4, what is -3330322 - 102?
-3331030
In base 5, what is -4 - 432321032?
-432321041
In base 14, what is -204 + -70?
-274
In base 4, what is 12 - 2303320?
-2303302
In base 5, what is 11141 + 22440?
34131
In base 16, what is -103 + -51b9?
-52bc
In base 14, what is 226 - -182?
3a8
In base 9, what is -374 - 22337?
-22722
In base 8, what is -152153 + -24?
-152177
In base 8, what is 463 + 171?
654
In base 12, what is -2 + -757b?
-7581
In base 11, what is -3a - -1580?
1541
In base 16, what is 148 + -159?
-11
In base 12, what is -1